p*-2*(-27)/(-12). Calculate the greatest common divisor of v and 45.
9
Suppose 2*d = 2*z - 340, 3*d = -2*z - 0*z + 315. What is the greatest common factor of 15 and z?
15
Let w(t) = 216*t. Let o be w(-1). Let d = -136 - o. What is the highest common factor of 10 and d?
10
Let x(s) be the first derivative of s**3/3 + 3*s + 3. Let a be x(-3). Calculate the greatest common factor of 96 and a.
12
Let q be 15 - 18 - (-26 + 0). Suppose 129 = 2*p - 55. What is the greatest common factor of q and p?
23
Let t be (0 - 5)*(-56)/5. Calculate the greatest common divisor of 7 and t.
7
Suppose o - 2 = 4. Suppose 3*p - 2*p - o = 0. Suppose -126 = 4*y - 7*y. What is the greatest common factor of p and y?
6
Let y be 12 - (-2 + 0/1). Let u = -5 + 12. Calculate the highest common factor of u and y.
7
Let x(y) = -3*y - 7. Let v be x(-6). What is the greatest common divisor of 121 and v?
11
Let t(z) = z + 6. Let v be t(13). Calculate the highest common factor of 19 and v.
19
Let a(m) = -10*m + 7. Let c(b) = 9*b - 6. Let s(k) = 5*a(k) + 6*c(k). Let j be s(4). What is the highest common factor of 165 and j?
15
Let l be 3/(-1)*4/(-6). Let i be ((-728)/21)/(l/(-6)). What is the highest common divisor of i and 13?
13
Let q be 4 - (2 - (0 + 2)). Suppose 2*w - 8 = a, w - 3 - 1 = -q*a. Let r be (3 - (a - -2)) + 17. Calculate the highest common factor of 2 and r.
2
Let l be (-42)/(-2) + (-6 - -2). Calculate the highest common factor of 153 and l.
17
Let i(j) = -j**3 + 5*j**2 - 4. Let f be i(5). Let h be (6/f)/((-3)/6). Calculate the highest common divisor of h and 27.
3
Suppose -4*a = 21 + 3. Let b(y) = -y**3 - 7*y**2 - 9*y - 4. Let c be b(a). Let o = c - 0. What is the highest common divisor of 42 and o?
14
Let j = -180 - -126. Let s be (1 - 0 - 3) + j. Let h be s/6*3*-2. What is the highest common divisor of h and 7?
7
Suppose -7*l = l - 336. What is the highest common divisor of l and 84?
42
Suppose -i = s + 4*i + 207, -s = -3*i + 239. Let m = -378 - s. Let h = m - -249. What is the highest common divisor of h and 14?
14
Let z = -7 - -27. Suppose 28 = d - z. What is the highest common divisor of d and 12?
12
Let l(c) = -c**3 + 7*c**2 + 9*c - 15. Let a be l(6). What is the greatest common factor of a and 25?
25
Let v = 11 + -5. Suppose -2*k + v*k = -16. Let p be (-5 - -2) + 21 + k. What is the highest common factor of p and 140?
14
Let g be (-1016)/(-16) - (-2)/4. Calculate the greatest common divisor of 8 and g.
8
Suppose 0 = -4*y + 260 + 100. Let l = 4 - 6. Let t be 144/14 - l/(-7). Calculate the greatest common divisor of y and t.
10
Suppose 0*g - 15 = g. Let f = g + 25. Let y be (-82)/(-8) - 1/4. What is the highest common divisor of f and y?
10
Suppose -3*a + 0 = x - 31, 0 = -2*a - 5*x - 1. Let t = a - 5. Calculate the highest common divisor of t and 49.
7
Let c(w) = 0*w**2 + 0*w**2 - 2*w + 2 + w + w**2. Let p be c(2). Suppose -6 = -g + p. Calculate the greatest common factor of 4 and g.
2
Suppose 2*r + 9 = -5*l, -1 = 5*r + 3*l - 7. What is the highest common divisor of r and 1?
1
Let q(x) = -2*x**2 + 20*x - 11. Let i be q(9). What is the highest common divisor of i and 133?
7
Suppose 50 = 2*r + 2*r - 3*i, 2*i = 3*r - 37. Suppose s - 133 = -v, -49 - 214 = -2*v - s. Let w = -42 + v. What is the highest common factor of w and r?
11
Let u be -1 - 2 - -3 - -40. Calculate the greatest common divisor of 8 and u.
8
Let j(r) = 39*r - 5. Let q be j(1). What is the highest common factor of 119 and q?
17
Let m(a) = 2*a**2 - 5*a - 8. Let v be m(7). Suppose 0 = 3*h + 2*h - v. What is the greatest common divisor of h and 77?
11
Let w be (-6)/(-12) + (-358)/(-4). Suppose 3*b - 54 = -0*b. What is the greatest common factor of w and b?
18
Let x = -35 + 91. Suppose 3*g - x = -g. Let s be (-3 + 7)*g/8. Calculate the highest common divisor of 1 and s.
1
Suppose 0*t - 5*s = -2*t + 16, 0 = 3*t + 2*s - 62. What is the highest common factor of 90 and t?
18
Let j = -11 + 32. Let y = -28 - -14. Let k = y + j. What is the greatest common factor of 1 and k?
1
Suppose 2 = -3*s - 10. Let z = 4 - s. What is the greatest common factor of 2 and z?
2
Suppose 3*g - 6*d - 9 = -2*d, -3*d = -g - 2. What is the highest common divisor of 21 and g?
7
Suppose -126 - 114 = -5*y. Let d = -1 + 7. What is the highest common divisor of d and y?
6
Let w be (448/(-70))/((-4)/10) - 1. What is the highest common factor of w and 75?
15
Suppose -5*i - 5*b + 340 = 0, -3*i - 2*b = 2*b - 204. What is the highest common divisor of 17 and i?
17
Let x(d) = 7*d - 30. Let p be x(7). Let h be (-376)/(-10) + (-4)/(-10). What is the highest common divisor of h and p?
19
Let h be (-44)/((-1)/((-1)/(-2))). Suppose -p - 4*p + o = -987, 5*p = -3*o + 999. What is the greatest common factor of p and h?
22
Suppose 0 = -4*c + 3 + 13. Suppose 76 = c*p - 20. Suppose s + 20 = 2*f, -f = s - 5*s - p. What is the highest common divisor of f and 2?
2
Let n be 6/24 + (-6)/(-8) + 19. Let v be (-1 + 3/(-2))*-12. What is the highest common factor of v and n?
10
Let n be (-3 + 4/3)*20*-3. Calculate the highest common factor of n and 20.
20
Let b be (-10 + 0)*24/(-15). Let d be (-49)/(-2) - (65/10 - 6). Calculate the highest common factor of d and b.
8
Suppose 10*k = 66 + 34. What is the highest common divisor of 50 and k?
10
Let m(h) = -30*h - 3. Let t be m(-4). Let c = t + -57. What is the highest common divisor of c and 40?
20
Let s(c) = 3*c - 2. Let r be s(-6). Let d = r + 30. What is the highest common factor of d and 2?
2
Let f(n) = n**2 - 7*n - 8. Let b be f(9). Let t be b/3*60/25. What is the highest common factor of t and 8?
8
Let v be (4 - 2) + 24 + 1. Calculate the highest common factor of v and 9.
9
Let h(i) = -2 + 62*i - 15*i + 3. Let a be h(1). Let g = -4 - -10. What is the highest common factor of g and a?
6
Suppose 2*o - 16 = -2*y + y, 3*o + 4*y - 19 = 0. Calculate the highest common factor of o and 3.
3
Suppose 26 + 24 = 2*t. Suppose 2*s - 5*x - t = 0, -x - 1 - 4 = 0. Suppose 4*n - 56 = -s*n. What is the greatest common divisor of 98 and n?
14
Let w be (-8)/16 + (-29)/(-2). Let g be -1*7*-2*5. What is the greatest common divisor of g and w?
14
Suppose -u - 7 = -3*c - 65, 187 = 4*u + 3*c. Let n be (-1)/4 - (-116)/16. What is the highest common factor of n and u?
7
Suppose 7*k - 3*k = -5*l + 2, 5*l + 4 = -2*k. Suppose -k*d + 1 = -8. Calculate the greatest common factor of 21 and d.
3
Let t(o) = o + 28. Let w be t(0). What is the highest common divisor of w and 4?
4
Let s be 16 + -3 + 2 + -1. Calculate the greatest common divisor of s and 7.
7
Let p(m) = m + 3. Let l(v) = v**2 - 7*v - 3. Let s be l(8). Suppose s*h = 2*h. Let n be p(h). What is the greatest common factor of 18 and n?
3
Suppose 48 = -11*q + 15*q. What is the greatest common factor of 66 and q?
6
Let i(k) = k**2 + 7*k - 13. Let v be 79/(-9) + 4/(-18). Let p be i(v). What is the greatest common factor of 15 and p?
5
Let x = 602 + -413. What is the greatest common divisor of 21 and x?
21
Let b(h) = h**3 + 2*h**2 - 3*h + 2. Let v be b(-4). Let p be 1/1 - v/6. What is the highest common factor of p and 36?
4
Let l = 0 - -4. Suppose l*i - 41 - 15 = 0. Suppose -3*d + 19 + 2 = 0. Calculate the highest common factor of d and i.
7
Suppose 0 = -2*z + v + 358, -2*v + 711 + 13 = 4*z. Calculate the greatest common factor of z and 20.
20
Let q be 2 - ((-2)/(-1) - 1). Let o = -6 - -4. Let m be 3/3 + 9 + o. Calculate the highest common divisor of m and q.
1
Let q be (14/(-70))/((-2)/170). Calculate the highest common factor of 85 and q.
17
Let z be ((-3)/2)/(18/(-168)). Calculate the highest common factor of z and 154.
14
Let i = 213 + -305. Let a = -47 - i. What is the greatest common factor of 5 and a?
5
Let b be 4/18 - (-232)/9. What is the greatest common divisor of b and 65?
13
Let m(x) = -2 + 1 + 3*x + 6*x. Let p be m(1). Let l(g) = g - 1. Let y be l(2). What is the greatest common factor of p and y?
1
Suppose -y - 56 = -i, -3*y + 42 + 238 = 5*i. Suppose -4*x + 10 = -22. Calculate the greatest common factor of i and x.
8
Let o(t) = -4*t - 59. Let h be o(-17). What is the greatest common divisor of 45 and h?
9
Suppose -u = -5*y - 71, u + 212 = 5*u + 4*y. Calculate the highest common factor of u and 42.
14
Suppose 4*a = -3*w - 343, -2*a - 90 = 5*w + 71. Let r = a + 129. Let j = r